6/27. Suppose 1 = w*k - 5*k. Calculate j(k).
11
Let l(i) = 6*i - 45. Let z(f) = -29*f + 256. Let u(g) = -22*l(g) - 4*z(g). Give u(-2).
-2
Suppose 12*l = -244 - 2456. Let d = -233 - l. Let f(o) = 4*o + 30. Give f(d).
-2
Let d(h) be the third derivative of 43*h**4/24 + 4*h**3/3 - 4221*h**2. Determine d(0).
8
Let h(q) be the third derivative of q**4/6 + 16*q**3/3 - 4*q**2 + 11. Let r be h(-6). Let f(y) = -y**2 + 6*y + 4. Determine f(r).
-12
Suppose 2*c - d + 22 = 0, -3*c + 2*d = 2 + 33. Let o(y) be the third derivative of y**6/120 + y**5/6 + 11*y**4/24 + 5*y**3/6 + 11*y**2 + 64. Give o(c).
-13
Suppose -5*i - 8*w = -3*w + 5, 5*i - w = 25. Suppose 5*u - 5*o = -15, -i*u - 3*o = -17 + 43. Let y(x) = 5*x + 3. What is y(u)?
-22
Let o(v) be the second derivative of -v**4/8 + v**3/6 - 64*v**2 - v + 10. Let c(n) be the first derivative of o(n). What is c(-4)?
13
Suppose 2*s - 3*r + 83 = 3*s, r + 259 = 3*s. Let b = 101 - s. Let t be b/(-5) + 2*(1 + 2). Let q(p) = -p**2 - 2*p + 2. Calculate q(t).
-13
Suppose 2*c - 686 = -3*d, -d - 5*c + 233 = -0*c. Suppose 3*p - d = 6*p. Let y = p + 72. Let f(i) = i**3 + 6*i**2 + 2*i - 3. Determine f(y).
21
Let k(n) = 5*n - 57. Suppose 1024*d = 1048*d - 264. Give k(d).
-2
Let l(b) = 2 + 7*b - 3*b - 10. Let g(i) = -4*i**3 + 236*i**2 - 2*i + 128. Let o be g(59). Calculate l(o).
32
Let m(x) = -8890*x - 42 + 0*x**2 + 8913*x - 3*x**2. Let n(o) = -13*o**2 + 92*o - 168. Let y(j) = 9*m(j) - 2*n(j). Determine y(21).
0
Let x(t) = -3 + 2518*t + 2603*t - 5117*t. Let a(c) = -4*c**2. Let g be a(-1). Determine x(g).
-19
Suppose -j + 6*j - 15 = 0. Let u = j - -1. Let x(w) = 6 + w - 2*w + 0*w - 218*w**2 + 219*w**2 - 4*w. Determine x(u).
2
Let j(b) = -b**2 - b + 297. Let r be ((-72)/(-14))/(17 - 726/42). Determine j(r).
-9
Let f(a) be the second derivative of a**3/3 + a**2/2 - a. Let u = -232 - -272. Suppose -91 = u*c - 11. Calculate f(c).
-3
Let r = -32 + 48. Let c = -14 + r. Let y be ((-1)/c)/(2/20). Let t(z) = -3*z - 2. Calculate t(y).
13
Let x(g) be the second derivative of g**4/12 - 5*g**3/3 + 9*g**2/2 + 515*g. Give x(7).
-12
Let n(h) = h**2 - 1. Let w = -231 + 236. Suppose k - w*s + s - 14 = 0, -3*k = 4*s + 6. Calculate n(k).
3
Let i(r) be the first derivative of 1/4*r**4 + 98 + 5*r - 4*r**3 - 13/2*r**2. What is i(13)?
5
Let w(p) = -3*p + 13*p**2 + p**3 - 6*p**2 + 26042 - 26009. Calculate w(-8).
-7
Suppose -99 = 8*n - 19*n. Let h(m) = -29*m - 2. Let u(x) = 14*x + 1. Let c(t) = n*u(t) + 4*h(t). Give c(3).
31
Let j be (9/(-6))/3 + (8 - 22/4). Let x(d) be the first derivative of 5/2*d**2 - 7 - j*d. Calculate x(2).
8
Let f(z) = -8*z**3 + 12*z**2 + 8*z + 9. Let c(q) = -5*q**3 + 11*q**2 + 8*q + 9. Let b(s) = -3*c(s) + 2*f(s). Give b(-7).
-51
Let m(f) = f**3 + 8*f**2 + 3*f - 1. Let u(z) = 3*z**3 + 23*z**2 + 9*z - 4. Let j(h) = 8*m(h) - 3*u(h). Suppose 157*q - 4922 + 5393 = 0. What is j(q)?
-5
Let s(i) be the second derivative of 3*i**3/2 + 9*i**2 - 4*i + 361. Calculate s(-6).
-36
Let v(b) = 7 + 4*b**2 - 398*b**3 + 7*b + 7 - 16*b - 10*b + 399*b**3. Determine v(-7).
0
Let c(o) = -o - 45 + 152*o**2 - 114*o**2 - 39*o**2. What is c(0)?
-45
Let x(g) = -18*g**3 + g - 1. Suppose 0 = 12*k + 45 - 225. Suppose -21 - k = -36*m. What is x(m)?
-18
Suppose -2*y + 8*y = 24. Suppose -5 + 1 = -3*o + y*h, 0 = -5*o + h + 18. Let s(i) = i**3 - 3*i**2 + 3. Give s(o).
19
Let l be 14/6 - (-1)/(-3). Let z = -757 - -759. Let f(w) = -2*w**l - z*w - 2*w + 4*w**2. Give f(3).
6
Let j(x) = 19 - x + 4 - 7. Let f be j(14). Let h(r) = -2*r**2 - 4*r + 3*r**2 + 0 + 4*r**f + 2 - r**3. Calculate h(2).
6
Let r(k) = 7 - 2 + 289*k - 3*k**2 - k**3 - 285*k + 0*k**2. Let z be 2/(-11) - (-890)/55. Suppose 13*s = z*s + 12. Determine r(s).
5
Let x(s) = -5*s + 3. Let g(n) = -3*n**2 + 9*n - 3. Suppose 0 = b + 5*b - 456. Let a = b - 73. Let z be g(a). What is x(z)?
18
Suppose 0 = m - 2. Let w(r) = -m*r**3 - 2*r**3 - 2*r - 2*r**3 + r. Let u(q) = q**2 + 36*q + 154. Let n be u(-31). Give w(n).
7
Let b(m) = m**3 - 3*m**2 - 6*m + 5. Let q(u) be the first derivative of -7*u + 26 - 1/2*u**2. Let d be q(-11). Determine b(d).
-3
Let k(c) = 17*c - 5. Suppose 13*w + 50 - 85 + 74 = 0. Determine k(w).
-56
Let y(s) = -8*s**3 - s**2 - s + 1. Let p = 239 + -245. Let r be 7/8 + -4*p/192. Give y(r).
-9
Let d = 172 - 170. Let o(u) = u**3 + 1276*u**d + 0*u + 0*u - 1282*u**2 - 7 + 4*u. Give o(5).
-12
Let h(d) = -12*d**2 - 5*d + 7. Let k(i) = 5*i**2 + 3*i - 2. Let f(c) = 2*h(c) + 5*k(c). Determine f(5).
54
Suppose -6 = 4*s - 7*s, 5*l - 4*s = -3. Let v be (5/(-4))/(l/(-4)). Let x(u) = -25*u**3 + 12*u**3 + 12*u**3 + 4 + 5*u**2 + 23*u - 23*u. Calculate x(v).
4
Suppose 13 = -z - 39. Let n = -49 - z. Suppose -4*h + 2*o = -24, 9 = 3*h + n*o - 0. Let f(r) = -r**3 + 6*r**2 - 6*r - 1. Determine f(h).
-6
Let f(i) = i**2 + 2*i - 1. Let j be (-16)/20*(-6)/9*15. Suppose -4*n = -4*z + j, 3*z + 3 - 9 = n. Calculate f(z).
7
Let t(g) be the third derivative of -13*g**4/24 + 31*g**3/3 + 35*g**2 - g. Let v be t(5). Let n(p) = -p - 5. Calculate n(v).
-2
Let v = -2276 - -2294. Let x(m) = m**2 - 20*m + 12. Give x(v).
-24
Let u(v) be the second derivative of -v**5/20 - v**4/12 - 5*v**3/3 - 56*v. Let c(o) be the second derivative of u(o). Give c(-2).
10
Let i(o) = o**3 + 3*o + 6. Let t(m) = -5*m**3 + 23*m**2 + 13*m - 83. Let g(c) = -4*i(c) - t(c). Determine g(24).
35
Suppose -14*n = -3*n - 33. Let d(u) be the third derivative of -u**5/60 + 5*u**4/24 + 2*u**3/3 - 8*u**2. Determine d(n).
10
Let c = 14 + 17. Let l = -29 + c. Let t(r) = l + r + r + 2*r**2 - r**2 - 5*r. Calculate t(2).
0
Let g(y) = -y - 2*y - 2 + 1591*y**2 - 1592*y**2. Let l = -9 + 6. What is g(l)?
-2
Let b(h) = 2*h - 2 + 8 - 3*h + 5. Suppose -563 = -58*t - 33*t + 347. Calculate b(t).
1
Suppose 215*v = 213*v + 188. Suppose -3*t + v = 106. Let c(f) = -6*f + 4. What is c(t)?
28
Let l(p) be the second derivative of -6*p - 7*p**2 + 1/6*p**3 - 2. Give l(10).
-4
Let t(r) = -13*r + 20. Let m = 3459 + -3452. Determine t(m).
-71
Let k = 22 - 22. Suppose -5*l + k*s - 2*s + 27 = 0, -3*l + 2*s + 13 = 0. Let g(d) = d**2 - 7*d + 7. Give g(l).
-3
Suppose 0 = -3074*p + 3002*p + 504. Let a(f) = -f**3 + 6*f**2 + 16*f - 7. What is a(p)?
56
Let s(w) be the third derivative of w**4/6 - 29*w**3/6 + 66*w**2 - 6. Determine s(15).
31
Let v(p) = -7*p + 6. Let c(m) = 2*m. Let q(h) = 4*c(h) + v(h). Suppose 0 = 26*i - 6*i - 80. Determine q(i).
10
Suppose -7*q + 3*q = 5*b - 41, -q - 21 = -5*b. Let w be 24/(-3)*(-2)/8. Let g(k) = -w + 2*k + 0 - 4. Give g(b).
4
Let b(d) = -d**3 - d**2 - d - 7. Suppose 2*r + 20 = 4*y + 4*r, 0 = 2*y - r - 6. Suppose -y*t - 2*k = 0, -7*k = -3*t - 11*k. Calculate b(t).
-7
Suppose 0 = -4*v + 5*g - 22 - 1, -3*v - 5*g = 61. Let s(t) = 10*t + 112. Determine s(v).
-8
Let l(i) = -107*i**3 - 73*i**2 - 6*i + 3. Let u(s) = 69*s**3 + 47*s**2 + 4*s - 2. Let x(b) = 20*l(b) + 31*u(b). Give x(-4).
-2
Let t(k) = 19*k + 16*k + 14*k - 47*k + 4. Let j = 27 - 24. Give t(j).
10
Let n(l) be the first derivative of -2*l**3/3 + l**2/2 - 4*l - 762. Calculate n(6).
-70
Let h(c) = -7*c - 9. Let k be h(-8). Let a(j) = 13 + 89*j - 43*j - k*j. Calculate a(11).
2
Suppose -27*a + 54 = -27. Suppose s + 0*s + 2*m = a, -2*m = -s + 7. Let g(r) = r + 1. What is g(s)?
6
Suppose 3 = -f + r, 4*f - 5*r + 5 = -5. Let x be 2/(8/f - -2). Let u(t) = -117*t**2 - 81*t**2 + 196*t**2 + 6*t + 7. Calculate u(x).
-13
Let a(t) = 583*t + 576*t - 1160*t. Let z = 4 + -1. Let q be z + 3 + -6 - 3. What is a(q)?
3
Let l(a) = a + 12. Let f be l(-9). Let s be (48/(-40))/(f/(-5)). Let r(p) = -p**3 + 1372*p**s + p - 1371*p**2 + 19 + 4. What is r(0)?
23
Suppose -5*n + 10 = 70. Let r = -9 - n. Let w(a) = -a**r + 28 + 0*a + 0*a**3 + 132*a**2 - 133*a**2 - a. Calculate w(0).
28
Let a(j) = j**3 - 5*j**2 + 5*j - 1. Let f be a(4). Let b(r) = -327 + 336 - 28*r + 27*r. Determine b(f).
6
Let d(t) = -2*t**2 - 8*t - 12. Let l be 89/(-178)*5*2. Give d(l).
-22
Let s(n) be the first derivative of -n**5/24 - n**4/4 + 4*n**3/3 - 7*n + 83. Let k(d) be the third derivative of s(d). Determine k(-7).
29
Let l(g) = -2*g**2 + 11*g - 121. Let w(c) = -c**2 + 2*c - 4. Let p(z) = l(z) - 4*w(z). What is p(-8)?
-1
Let l(r) = -r**2 + 7*r - 5. Let g be 54/(-4)*(-288)/1944. Give l(g).
5
Let m(w) = 533 - w - 1646 + 549 + 498. Give m(-12).
-54
Let w(q) = -q**3 - 15*q